{"id":2616,"date":"2018-07-23T14:31:45","date_gmt":"2018-07-23T14:31:45","guid":{"rendered":"http:\/\/www.facad.com\/wp\/?page_id=2616"},"modified":"2019-01-22T15:44:08","modified_gmt":"2019-01-22T15:44:08","slug":"soft-tissue-profile-prediction","status":"publish","type":"page","link":"https:\/\/www.facad.com\/wp\/soft-tissue-profile-prediction\/?lang=fr","title":{"rendered":"Soft tissue profile prediction"},"content":{"rendered":"[vc_row visibility=&#8221;hidden-phone&#8221;][vc_column width=&#8221;1\/2&#8243;]<a href=\"http:\/\/www.facad.com\/wp\/treatment-simulation\/?lang=fr\" class=\"vcex-button theme-button clean align-left inline\" style=\"color:#4d7900;\"><span class=\"vcex-button-inner theme-button-inner\"><span class=\"vcex-button-icon vcex-icon-wrap theme-button-icon-left\"><span aria-hidden=\"true\" class=\"typcn typcn-arrow-left-thick\"><\/span><\/span>Pr\u00e9c\u00e9dent<\/span><\/a> [\/vc_column][vc_column width=&#8221;1\/2&#8243;]<a href=\"http:\/\/www.facad.com\/wp\/digitizing\/?lang=fr\" class=\"vcex-button theme-button clean align-right inline\" style=\"color:#4d7900;\"><span class=\"vcex-button-inner theme-button-inner\">Suivant<span class=\"vcex-button-icon vcex-icon-wrap theme-button-icon-right\"><span aria-hidden=\"true\" class=\"typcn typcn-arrow-right-thick\"><\/span><\/span><\/span><\/a> [\/vc_column][\/vc_row][vc_row][vc_column][vc_column_text]\n<h1><strong>Pr\u00e9diction du profil cutan\u00e9<\/strong><\/h1>\n[\/vc_column_text][\/vc_column][\/vc_row][vc_row][vc_column width=&#8221;1\/3&#8243;]<style>.vcex-image.vcex_69f38dd5ac8e0 .vcex-image-inner{max-width:300px;}<\/style><figure class=\"vcex-image vcex-module textright vcex_69f38dd5ac8e0\"><div class=\"vcex-image-inner wpex-relative wpex-inline-block\"><img width=\"593\" height=\"762\" src=\"https:\/\/www.facad.com\/wp\/wp-content\/uploads\/2018\/04\/prof2.jpg\" class=\"vcex-image-img wpex-align-middle\" alt=\"\" loading=\"lazy\" decoding=\"async\" srcset=\"https:\/\/www.facad.com\/wp\/wp-content\/uploads\/2018\/04\/prof2.jpg 593w, https:\/\/www.facad.com\/wp\/wp-content\/uploads\/2018\/04\/prof2-233x300.jpg 233w\" sizes=\"auto, (max-width: 593px) 100vw, 593px\" \/><\/div><\/figure>[\/vc_column][vc_column width=&#8221;1\/3&#8243;][vc_column_text]<em>\u00c0 gauche :<\/em> Pour pouvoir g\u00e9n\u00e9rer une photo de pr\u00e9diction, on utilise une photo num\u00e9rique de profil du patient, sur laquelle le profil cutan\u00e9 est d\u00e9tect\u00e9 de mani\u00e8re quasi-automatique.<\/p>\n<p>&nbsp;[\/vc_column_text][vc_separator color=&#8221;custom&#8221; border_width=&#8221;2&#8243; accent_color=&#8221;#4d7900&#8243;][vc_column_text]&nbsp;<\/p>\n<p><em>\u00c0 droite :<\/em> L\u2019utilisation d\u2019un mod\u00e8le pour le mouvement de tissu cutan\u00e9 permet la pr\u00e9sentation automatique d\u2019une ligne de pr\u00e9diction du profil cutan\u00e9 lors du mouvement planifi\u00e9 des dents et des segments de tissus durs.<br \/>\nLe mod\u00e8le indique comment les points du profil facial se d\u00e9placent (sagittalement et verticalement), en rapport avec le mouvement implicite des points de r\u00e9f\u00e9rence des tissus durs.<\/p>\n<p><em>Attention: les deux exemples d\u2019images ne proviennent pas d\u2019un m\u00eame patient.<\/em>[\/vc_column_text][\/vc_column][vc_column width=&#8221;1\/3&#8243;]<style>.vcex-image.vcex_69f38dd5ad487 .vcex-image-inner{max-width:300px;}<\/style><figure class=\"vcex-image vcex-module textleft vcex_69f38dd5ad487\"><div class=\"vcex-image-inner wpex-relative wpex-inline-block\"><img width=\"593\" height=\"762\" src=\"https:\/\/www.facad.com\/wp\/wp-content\/uploads\/2018\/04\/bnd.jpg\" class=\"vcex-image-img wpex-align-middle\" alt=\"\" loading=\"lazy\" decoding=\"async\" srcset=\"https:\/\/www.facad.com\/wp\/wp-content\/uploads\/2018\/04\/bnd.jpg 593w, https:\/\/www.facad.com\/wp\/wp-content\/uploads\/2018\/04\/bnd-233x300.jpg 233w\" sizes=\"auto, (max-width: 593px) 100vw, 593px\" \/><\/div><\/figure>[\/vc_column][\/vc_row][vc_row][vc_column][vc_separator color=&#8221;custom&#8221; border_width=&#8221;2&#8243; accent_color=&#8221;#4d7900&#8243;][\/vc_column][\/vc_row][vc_row][vc_column][vc_column_text]Une photo de pr\u00e9diction peut ensuite \u00eatre g\u00e9n\u00e9r\u00e9e \u00e0 partir de la photo de profil, sur la base des mouvements planifi\u00e9s du plan de traitement.[\/vc_column_text][\/vc_column][\/vc_row][vc_row][vc_column]<figure class=\"vcex-image vcex-module\"><div class=\"vcex-image-inner wpex-relative wpex-inline-block\"><img width=\"1380\" height=\"475\" src=\"https:\/\/www.facad.com\/wp\/wp-content\/uploads\/2018\/03\/Robert-IV-frontpage-image-slider.jpg\" class=\"vcex-image-img wpex-align-middle\" alt=\"\" loading=\"lazy\" decoding=\"async\" srcset=\"https:\/\/www.facad.com\/wp\/wp-content\/uploads\/2018\/03\/Robert-IV-frontpage-image-slider.jpg 1380w, https:\/\/www.facad.com\/wp\/wp-content\/uploads\/2018\/03\/Robert-IV-frontpage-image-slider-300x103.jpg 300w, https:\/\/www.facad.com\/wp\/wp-content\/uploads\/2018\/03\/Robert-IV-frontpage-image-slider-768x264.jpg 768w, https:\/\/www.facad.com\/wp\/wp-content\/uploads\/2018\/03\/Robert-IV-frontpage-image-slider-1024x352.jpg 1024w\" sizes=\"auto, (max-width: 1380px) 100vw, 1380px\" \/><\/div><\/figure>[\/vc_column][\/vc_row][vc_row][vc_column][vc_separator color=&#8221;custom&#8221; border_width=&#8221;2&#8243; accent_color=&#8221;#4d7900&#8243;][\/vc_column][\/vc_row][vc_row][vc_column width=&#8221;1\/2&#8243;]<a href=\"http:\/\/www.facad.com\/wp\/treatment-simulation\/?lang=fr\" class=\"vcex-button theme-button clean align-left inline\" style=\"color:#4d7900;\"><span class=\"vcex-button-inner theme-button-inner\"><span class=\"vcex-button-icon vcex-icon-wrap theme-button-icon-left\"><span aria-hidden=\"true\" class=\"typcn typcn-arrow-left-thick\"><\/span><\/span>Pr\u00e9c\u00e9dent<\/span><\/a> [\/vc_column][vc_column width=&#8221;1\/2&#8243;]<a href=\"http:\/\/www.facad.com\/wp\/digitizing\/?lang=fr\" class=\"vcex-button theme-button clean align-right inline\" style=\"color:#4d7900;\"><span class=\"vcex-button-inner theme-button-inner\">Suivant<span class=\"vcex-button-icon vcex-icon-wrap theme-button-icon-right\"><span aria-hidden=\"true\" class=\"typcn typcn-arrow-right-thick\"><\/span><\/span><\/span><\/a> [\/vc_column][\/vc_row]\n","protected":false},"excerpt":{"rendered":"<p>[vc_row visibility=&#8221;hidden-phone&#8221;][vc_column width=&#8221;1\/2&#8243;][\/vc_column][vc_column width=&#8221;1\/2&#8243;][\/vc_column][\/vc_row][vc_row][vc_column][vc_column_text] Pr\u00e9diction du profil cutan\u00e9 [\/vc_column_text][\/vc_column][\/vc_row][vc_row][vc_column width=&#8221;1\/3&#8243;][\/vc_column][vc_column width=&#8221;1\/3&#8243;][vc_column_text]\u00c0 gauche : Pour pouvoir g\u00e9n\u00e9rer une photo de pr\u00e9diction, on utilise une photo num\u00e9rique de profil du patient, sur laquelle le profil cutan\u00e9 est d\u00e9tect\u00e9 de mani\u00e8re quasi-automatique. &nbsp;[\/vc_column_text][vc_separator color=&#8221;custom&#8221; border_width=&#8221;2&#8243; accent_color=&#8221;#4d7900&#8243;][vc_column_text]&nbsp; \u00c0 droite : L\u2019utilisation d\u2019un mod\u00e8le pour le mouvement de tissu cutan\u00e9&hellip;<\/p>\n","protected":false},"author":2,"featured_media":0,"parent":0,"menu_order":0,"comment_status":"closed","ping_status":"closed","template":"","meta":{"footnotes":""},"class_list":["post-2616","page","type-page","status-publish","hentry","entry","no-media"],"_links":{"self":[{"href":"https:\/\/www.facad.com\/wp\/wp-json\/wp\/v2\/pages\/2616","targetHints":{"allow":["GET"]}}],"collection":[{"href":"https:\/\/www.facad.com\/wp\/wp-json\/wp\/v2\/pages"}],"about":[{"href":"https:\/\/www.facad.com\/wp\/wp-json\/wp\/v2\/types\/page"}],"author":[{"embeddable":true,"href":"https:\/\/www.facad.com\/wp\/wp-json\/wp\/v2\/users\/2"}],"replies":[{"embeddable":true,"href":"https:\/\/www.facad.com\/wp\/wp-json\/wp\/v2\/comments?post=2616"}],"version-history":[{"count":4,"href":"https:\/\/www.facad.com\/wp\/wp-json\/wp\/v2\/pages\/2616\/revisions"}],"predecessor-version":[{"id":3084,"href":"https:\/\/www.facad.com\/wp\/wp-json\/wp\/v2\/pages\/2616\/revisions\/3084"}],"wp:attachment":[{"href":"https:\/\/www.facad.com\/wp\/wp-json\/wp\/v2\/media?parent=2616"}],"curies":[{"name":"wp","href":"https:\/\/api.w.org\/{rel}","templated":true}]}}

[vc_row visibility=&#8221;hidden-phone&#8221;][vc_column width=&#8221;1/2&#8243;]<a href="http://www.facad.com/wp/treatment-simulation/?lang=fr" class="vcex-button theme-button clean align-left inline" style="color:#4d7900;"><span class="vcex-button-inner theme-button-inner"><span class="vcex-button-icon vcex-icon-wrap theme-button-icon-left"><span aria-hidden="true" class="typcn typcn-arrow-left-thick"></span></span>Précédent</span></a> [/vc_column][vc_column width=&#8221;1/2&#8243;]<a href="http://www.facad.com/wp/digitizing/?lang=fr" class="vcex-button theme-button clean align-right inline" style="color:#4d7900;"><span class="vcex-button-inner theme-button-inner">Suivant<span class="vcex-button-icon vcex-icon-wrap theme-button-icon-right"><span aria-hidden="true" class="typcn typcn-arrow-right-thick"></span></span></span></a> [/vc_column][/vc_row][vc_row][vc_column][vc_column_text]
<h1><strong>Prédiction du profil cutané</strong></h1>
[/vc_column_text][/vc_column][/vc_row][vc_row][vc_column width=&#8221;1/3&#8243;]<style>.vcex-image.vcex_69f38dd5ac8e0 .vcex-image-inner{max-width:300px;}</style><figure class="vcex-image vcex-module textright vcex_69f38dd5ac8e0"><div class="vcex-image-inner wpex-relative wpex-inline-block"><img width="593" height="762" src="https://www.facad.com/wp/wp-content/uploads/2018/04/prof2.jpg" class="vcex-image-img wpex-align-middle" alt="" loading="lazy" decoding="async" srcset="https://www.facad.com/wp/wp-content/uploads/2018/04/prof2.jpg 593w, https://www.facad.com/wp/wp-content/uploads/2018/04/prof2-233x300.jpg 233w" sizes="auto, (max-width: 593px) 100vw, 593px" /></div></figure>[/vc_column][vc_column width=&#8221;1/3&#8243;][vc_column_text]<em>À gauche :</em> Pour pouvoir générer une photo de prédiction, on utilise une photo numérique de profil du patient, sur laquelle le profil cutané est détecté de manière quasi-automatique.</p>
<p>&nbsp;[/vc_column_text][vc_separator color=&#8221;custom&#8221; border_width=&#8221;2&#8243; accent_color=&#8221;#4d7900&#8243;][vc_column_text]&nbsp;</p>
<p><em>À droite :</em> L’utilisation d’un modèle pour le mouvement de tissu cutané permet la présentation automatique d’une ligne de prédiction du profil cutané lors du mouvement planifié des dents et des segments de tissus durs.<br />
Le modèle indique comment les points du profil facial se déplacent (sagittalement et verticalement), en rapport avec le mouvement implicite des points de référence des tissus durs.</p>
<p><em>Attention: les deux exemples d’images ne proviennent pas d’un même patient.</em>[/vc_column_text][/vc_column][vc_column width=&#8221;1/3&#8243;]<style>.vcex-image.vcex_69f38dd5ad487 .vcex-image-inner{max-width:300px;}</style><figure class="vcex-image vcex-module textleft vcex_69f38dd5ad487"><div class="vcex-image-inner wpex-relative wpex-inline-block"><img width="593" height="762" src="https://www.facad.com/wp/wp-content/uploads/2018/04/bnd.jpg" class="vcex-image-img wpex-align-middle" alt="" loading="lazy" decoding="async" srcset="https://www.facad.com/wp/wp-content/uploads/2018/04/bnd.jpg 593w, https://www.facad.com/wp/wp-content/uploads/2018/04/bnd-233x300.jpg 233w" sizes="auto, (max-width: 593px) 100vw, 593px" /></div></figure>[/vc_column][/vc_row][vc_row][vc_column][vc_separator color=&#8221;custom&#8221; border_width=&#8221;2&#8243; accent_color=&#8221;#4d7900&#8243;][/vc_column][/vc_row][vc_row][vc_column][vc_column_text]Une photo de prédiction peut ensuite être générée à partir de la photo de profil, sur la base des mouvements planifiés du plan de traitement.[/vc_column_text][/vc_column][/vc_row][vc_row][vc_column]<figure class="vcex-image vcex-module"><div class="vcex-image-inner wpex-relative wpex-inline-block"><img width="1380" height="475" src="https://www.facad.com/wp/wp-content/uploads/2018/03/Robert-IV-frontpage-image-slider.jpg" class="vcex-image-img wpex-align-middle" alt="" loading="lazy" decoding="async" srcset="https://www.facad.com/wp/wp-content/uploads/2018/03/Robert-IV-frontpage-image-slider.jpg 1380w, https://www.facad.com/wp/wp-content/uploads/2018/03/Robert-IV-frontpage-image-slider-300x103.jpg 300w, https://www.facad.com/wp/wp-content/uploads/2018/03/Robert-IV-frontpage-image-slider-768x264.jpg 768w, https://www.facad.com/wp/wp-content/uploads/2018/03/Robert-IV-frontpage-image-slider-1024x352.jpg 1024w" sizes="auto, (max-width: 1380px) 100vw, 1380px" /></div></figure>[/vc_column][/vc_row][vc_row][vc_column][vc_separator color=&#8221;custom&#8221; border_width=&#8221;2&#8243; accent_color=&#8221;#4d7900&#8243;][/vc_column][/vc_row][vc_row][vc_column width=&#8221;1/2&#8243;]<a href="http://www.facad.com/wp/treatment-simulation/?lang=fr" class="vcex-button theme-button clean align-left inline" style="color:#4d7900;"><span class="vcex-button-inner theme-button-inner"><span class="vcex-button-icon vcex-icon-wrap theme-button-icon-left"><span aria-hidden="true" class="typcn typcn-arrow-left-thick"></span></span>Précédent</span></a> [/vc_column][vc_column width=&#8221;1/2&#8243;]<a href="http://www.facad.com/wp/digitizing/?lang=fr" class="vcex-button theme-button clean align-right inline" style="color:#4d7900;"><span class="vcex-button-inner theme-button-inner">Suivant<span class="vcex-button-icon vcex-icon-wrap theme-button-icon-right"><span aria-hidden="true" class="typcn typcn-arrow-right-thick"></span></span></span></a> [/vc_column][/vc_row]

<p>[vc_row visibility=&#8221;hidden-phone&#8221;][vc_column width=&#8221;1/2&#8243;][/vc_column][vc_column width=&#8221;1/2&#8243;][/vc_column][/vc_row][vc_row][vc_column][vc_column_text] Prédiction du profil cutané [/vc_column_text][/vc_column][/vc_row][vc_row][vc_column width=&#8221;1/3&#8243;][/vc_column][vc_column width=&#8221;1/3&#8243;][vc_column_text]À gauche : Pour pouvoir générer une photo de prédiction, on utilise une photo numérique de profil du patient, sur laquelle le profil cutané est détecté de manière quasi-automatique. &nbsp;[/vc_column_text][vc_separator color=&#8221;custom&#8221; border_width=&#8221;2&#8243; accent_color=&#8221;#4d7900&#8243;][vc_column_text]&nbsp; À droite : L’utilisation d’un modèle pour le mouvement de tissu cutané&hellip;</p>
