{"id":2319,"date":"2018-05-27T10:22:54","date_gmt":"2018-05-27T10:22:54","guid":{"rendered":"http:\/\/www.facad.com\/wp\/?page_id=2319"},"modified":"2019-01-23T10:42:34","modified_gmt":"2019-01-23T10:42:34","slug":"support-faq","status":"publish","type":"page","link":"https:\/\/www.facad.com\/wp\/support-faq\/?lang=fi","title":{"rendered":"FAQ"},"content":{"rendered":"[vc_row][vc_column][vc_column_text]\n<h1>FAQ &#8211;\u00a0<strong>Usein kysytyt kysymykset<\/strong><\/h1>\n[\/vc_column_text][\/vc_column][\/vc_row][vc_row][vc_column][vc_toggle title=&#8221;Voinko koek\u00e4ytt\u00e4\u00e4 ennen ostop\u00e4\u00e4t\u00f6st\u00e4?&#8221; style=&#8221;round&#8221; color=&#8221;chino&#8221; size=&#8221;sm&#8221;]Kyll\u00e4. Kun lataat ja asennat Facad-ohjelmiston ensimm\u00e4ist\u00e4 kertaa olet oikeutettu 30 p\u00e4iv\u00e4n kokeilujaksoon.[\/vc_toggle][vc_toggle title=&#8221;Kuinka saan ladattua Facad-ohjelmiston?&#8221; style=&#8221;round&#8221; color=&#8221;chino&#8221; size=&#8221;sm&#8221;]<a href=\"https:\/\/facad.wufoo.eu\/forms\/facad-download-and-price-request\/\" target=\"_blank\" rel=\"noopener\">T\u00e4ytt\u00e4m\u00e4ll\u00e4 yhteydenottolomakkeen<\/a> tulet saamaan meilt\u00e4 s\u00e4hk\u00f6postin sis\u00e4lt\u00e4en ohjeen lataussivun sijainnista.[\/vc_toggle][vc_toggle title=&#8221;Kuinka paljon ohjelmisto maksaa?&#8221; style=&#8221;round&#8221; color=&#8221;chino&#8221; size=&#8221;sm&#8221;]Ota yhteytt\u00e4 <a href=\"http:\/\/www.facad.com\/wp\/dealers-fin\/\">paikalliseen toimittajaan<\/a> ja pyyd\u00e4 tarjous heilt\u00e4.[\/vc_toggle][vc_separator color=&#8221;custom&#8221; border_width=&#8221;2&#8243; accent_color=&#8221;#4d7900&#8243;]<div class=\"vcex-spacing wpex-w-100 wpex-clear\"><\/div>[vc_toggle title=&#8221;Virheilmoitus: Voimassaolevaa lisenssi\u00e4 ei l\u00f6ydy. Potilaita ei voida lis\u00e4t\u00e4 eik\u00e4 avata.&#8221; style=&#8221;round&#8221; color=&#8221;chino&#8221; size=&#8221;sm&#8221;]Jos Facad-ohjelmistossa tulee virheilmoitus<br \/>\n<strong><code>Voimassaolevaa lisenssi\u00e4 ei l\u00f6ydy. Potilaita ei voida lis\u00e4t\u00e4 eik\u00e4 avata.<\/code><\/strong><br \/>\ntulee sinun pyyt\u00e4\u00e4 uusi lisenssi tai demojakso.[\/vc_toggle][vc_toggle title=&#8221;Kuinka saa k\u00e4ytt\u00e4j\u00e4lisenssin?&#8221; style=&#8221;round&#8221; color=&#8221;chino&#8221; size=&#8221;sm&#8221;]Facadin asennuksen yhteydess\u00e4 tiedosto nimelt\u00e4\u00e4n <em>FacadInstallationInfo.zip<\/em> generoituu ty\u00f6asemasi ty\u00f6p\u00f6yd\u00e4lle. Etsi ja l\u00e4het\u00e4 t\u00e4m\u00e4 tiedosto sek\u00e4 tiedot klinikastasi sek\u00e4 siit\u00e4 millaisen lisenssin haluat s\u00e4hk\u00f6postitse osoitteeseen <a href=\"mailto: support@facad.com\">support@facad.com<\/a>.<\/p>\n<p>Jos et l\u00f6yd\u00e4 t\u00e4t\u00e4 tiedostoa valitse Facadin valikosta <strong>Ohje&gt;Tekninen tuki<\/strong> ja <strong>Tallenna<\/strong> zip-tiedosto ty\u00f6asemasi ty\u00f6p\u00f6yd\u00e4lle. L\u00e4het\u00e4 t\u00e4m\u00e4 zip-tiedosto s\u00e4hk\u00f6postin liitteen\u00e4.[\/vc_toggle][vc_toggle title=&#8221;Kuinka saan teknist\u00e4 tukea?&#8221; style=&#8221;round&#8221; color=&#8221;chino&#8221; size=&#8221;sm&#8221;]Jos sinulla on paikallinen toimittaja ota yhteytt\u00e4 heihin. Jos paikallista toimittajaa ei ole l\u00e4het\u00e4 s\u00e4hk\u00f6postia osoitteeseen <a href=\"mailto: support@facad.com\">support@facad.com<\/a>.<br \/>\nKuvaa ongelma yksityiskohtaisesti yhdess\u00e4 mahdollisten virheilmoitusten kanssa.<\/p>\n<p>Kuvaruudunkaappaus ohjelmisto-ongelmasta auttaa usein. K\u00e4yt\u00e4n Windowsin <strong>Snipping tool<\/strong>-leikkausty\u00f6kalua t\u00e4h\u00e4n.<\/p>\n<p><em><strong>Tukitiedosto (zip)<\/strong> <\/em>on my\u00f6s eritt\u00e4in tarpeellinen. Valitse Facadin valikosta <strong>Ohje&gt;Tekninen tuki <\/strong>ja <strong>Tallenna<\/strong> zip-tiedosto ty\u00f6asemasi ty\u00f6p\u00f6yd\u00e4lle. L\u00e4het\u00e4 t\u00e4m\u00e4 zip-tiedosto s\u00e4hk\u00f6postin liitteen\u00e4.[\/vc_toggle][vc_toggle title=&#8221;Olemme siirt\u00e4neet koko Facad-asennuksen toiselle palvelimelle\/ty\u00f6asemalle. Kuinka ohjelmisto saadaan toimimaan j\u00e4lleen?&#8221; style=&#8221;round&#8221; color=&#8221;chino&#8221; size=&#8221;sm&#8221;]Aloita luomalla <em><strong>tukitiedosto (zip)<\/strong><\/em> Facadissa. T\u00e4m\u00e4 voidaan tehd\u00e4 ilman voimassaolevaa lisenssi\u00e4.<\/p>\n<p>Valitse Facadin valikosta <strong>Ohje&gt;Tekninen tuki<\/strong> ja <strong>Tallenna<\/strong> zip-tiedosto ty\u00f6asemasi ty\u00f6p\u00f6yd\u00e4lle. L\u00e4het\u00e4 t\u00e4m\u00e4 zip-tiedosto sek\u00e4 teknisen ongelman kuvaus s\u00e4hk\u00f6postin liitteen\u00e4 osoitteeseen <a href=\"mailto: support@facad.com\">support@facad.com<\/a>.<\/p>\n<p>Liit\u00e4 mukaan niin paljon tietoja kuin mahdollista palvelimen nimest\u00e4 ja muuttuneesta jaetun hakemiston osoitteesta sek\u00e4 tieto siit\u00e4 mihin Facad on asennettu.<br \/>\nSuositellaan UNC-polkujen osoitteiden l\u00e4hett\u00e4mist\u00e4 (<code><em>\\\\palvelimen_nimi\\jaon_nimi\\Facad\\...<\/em><\/code>)[\/vc_toggle][vc_separator color=&#8221;custom&#8221; border_width=&#8221;2&#8243; accent_color=&#8221;#4d7900&#8243;]<div class=\"vcex-spacing wpex-w-100 wpex-clear\"><\/div>[vc_toggle title=&#8221;Activity logging&#8221; style=&#8221;round&#8221; color=&#8221;chino&#8221; size=&#8221;sm&#8221;]K\u00e4ytt\u00f6lokitus voidaan aktivoida paikallisen IT-osaston toimesta siten, ett\u00e4 Facadin k\u00e4ytt\u00f6\u00e4 lokitetaan seuraavasti:<\/p>\n<ul>\n<li><strong>kuka<\/strong> on k\u00e4sitellyt mink\u00e4 potilaan tietoja ja kuvia,<\/li>\n<li><strong>miss\u00e4<\/strong> (milt\u00e4 ty\u00f6asemalta) ja<\/li>\n<li><strong>milloin<\/strong> (aikaleima)?<\/li>\n<\/ul>\n<p>K\u00e4ytt\u00f6lokituksen aktivointi kuvataan erillisess\u00e4 dokumentissa; <em>Facad Activity Log Guide<\/em>.[\/vc_toggle][vc_toggle title=&#8221;Vianselvitys IT-asiantuntijoille&#8221; style=&#8221;round&#8221; color=&#8221;chino&#8221; size=&#8221;sm&#8221;]Vianselvitysohje IT-asiantuntijoille l\u00f6ytyy <a href=\"http:\/\/www.facad.com\/wp\/wp-content\/uploads\/2018\/05\/FacadInstaller_UsersGuide.pdf\" target=\"_blank\" rel=\"noopener\">Facad-asennusohjeesta<\/a>[\/vc_toggle][vc_separator color=&#8221;custom&#8221; border_width=&#8221;2&#8243; accent_color=&#8221;#4d7900&#8243;]<div class=\"vcex-spacing wpex-w-100 wpex-clear\"><\/div>[vc_column_text]<em>Alla olevat kysymykset ja vastaukset ovat vain englanniksi.<\/em>[\/vc_column_text]<div class=\"vcex-spacing wpex-w-100 wpex-clear\"><\/div>[vc_toggle title=&#8221;Older versions 3.7-3.8: Facad or the installer program does not start (.NET issues)&#8221; style=&#8221;round&#8221; color=&#8221;chino&#8221; size=&#8221;sm&#8221;]If you are having problems with installing the FACAD software or running FACAD after installation that looks like this:<\/p>\n<ul>\n<li>the installation software does not start at all<\/li>\n<li>the installation software is extracted, but the installation program does not start<\/li>\n<li>Facad does not start<\/li>\n<\/ul>\n<p>then your PC is probably missing important requirements.<\/p>\n<p>FACAD version 3-7-3.8 require that both <strong>Microsoft .NET Framework version 2<\/strong> and <strong>version 4<\/strong> are installed.<\/p>\n<h5>Problems with Windows 10, Windows 8-8.1<\/h5>\n<ul>\n<li>The .NET version 4 is included in these operating systems.<\/li>\n<li>The <strong>.NET version 2<\/strong> might not be &#8220;turned on&#8221;, follow the instructions below to enable .NET version 2.\n<ul>\n<li style=\"list-style-type: none;\">\n<ul>\n<li>Open the <em>Control Panel<\/em> and select (or search for) &#8220;Program and Features&#8221;.<\/li>\n<li>Click on <strong>Turn Windows features on or off<\/strong>.<\/li>\n<\/ul>\n<\/li>\n<\/ul>\n<p><img loading=\"lazy\" decoding=\"async\" class=\"size-medium wp-image-1528 alignnone\" src=\"http:\/\/www.facad.com\/wp\/wp-content\/uploads\/2018\/04\/net-300x242.png\" alt=\"\" width=\"300\" height=\"242\" srcset=\"https:\/\/www.facad.com\/wp\/wp-content\/uploads\/2018\/04\/net-300x242.png 300w, https:\/\/www.facad.com\/wp\/wp-content\/uploads\/2018\/04\/net.png 468w\" sizes=\"auto, (max-width: 300px) 100vw, 300px\" \/><\/p>\n<ul>\n<li>Here you can see <strong>.NET Framework 3.5 (includes .NET 2.0 and 3.0)<\/strong> as a feature and by default the feature is disabled.<\/li>\n<li>Enable this feature completely + OK.<\/li>\n<li>This will download the entire package from the internet and install the .NET Framework feature.<\/li>\n<\/ul>\n<\/li>\n<\/ul>\n<h5>Problems with Windows XP<\/h5>\n<ul>\n<li>Check that .NET versions 2 and 4 are installed.<br \/>\nIf the .NET version 2 and\/or 4 are not installed, here are some links that enables download and installation of<br \/>\n<a href=\"http:\/\/www.facad.com\/xp\" target=\"_blank\" rel=\"noopener\">Microsoft .NET Framework version 2<br \/>\n<\/a><a href=\"https:\/\/www.microsoft.com\/en-us\/download\/details.aspx?id=17718\" target=\"_blank\" rel=\"noopener\">Microsoft .NET Framework version 4<\/a><\/li>\n<\/ul>\n[\/vc_toggle][\/vc_column][\/vc_row][vc_row][vc_column][\/vc_column][\/vc_row]\n","protected":false},"excerpt":{"rendered":"<p>[vc_row][vc_column][vc_column_text] FAQ &#8211;\u00a0Usein kysytyt kysymykset [\/vc_column_text][\/vc_column][\/vc_row][vc_row][vc_column][vc_toggle title=&#8221;Voinko koek\u00e4ytt\u00e4\u00e4 ennen ostop\u00e4\u00e4t\u00f6st\u00e4?&#8221; style=&#8221;round&#8221; color=&#8221;chino&#8221; size=&#8221;sm&#8221;]Kyll\u00e4. Kun lataat ja asennat Facad-ohjelmiston ensimm\u00e4ist\u00e4 kertaa olet oikeutettu 30 p\u00e4iv\u00e4n kokeilujaksoon.[\/vc_toggle][vc_toggle title=&#8221;Kuinka saan ladattua Facad-ohjelmiston?&#8221; style=&#8221;round&#8221; color=&#8221;chino&#8221; size=&#8221;sm&#8221;]T\u00e4ytt\u00e4m\u00e4ll\u00e4 yhteydenottolomakkeen tulet saamaan meilt\u00e4 s\u00e4hk\u00f6postin sis\u00e4lt\u00e4en ohjeen lataussivun sijainnista.[\/vc_toggle][vc_toggle title=&#8221;Kuinka paljon ohjelmisto maksaa?&#8221; style=&#8221;round&#8221; color=&#8221;chino&#8221; size=&#8221;sm&#8221;]Ota yhteytt\u00e4 paikalliseen toimittajaan ja pyyd\u00e4 tarjous heilt\u00e4.[\/vc_toggle][vc_separator&hellip;<\/p>\n","protected":false},"author":2,"featured_media":0,"parent":0,"menu_order":0,"comment_status":"closed","ping_status":"closed","template":"","meta":{"footnotes":""},"class_list":["post-2319","page","type-page","status-publish","hentry","entry","no-media"],"_links":{"self":[{"href":"https:\/\/www.facad.com\/wp\/wp-json\/wp\/v2\/pages\/2319","targetHints":{"allow":["GET"]}}],"collection":[{"href":"https:\/\/www.facad.com\/wp\/wp-json\/wp\/v2\/pages"}],"about":[{"href":"https:\/\/www.facad.com\/wp\/wp-json\/wp\/v2\/types\/page"}],"author":[{"embeddable":true,"href":"https:\/\/www.facad.com\/wp\/wp-json\/wp\/v2\/users\/2"}],"replies":[{"embeddable":true,"href":"https:\/\/www.facad.com\/wp\/wp-json\/wp\/v2\/comments?post=2319"}],"version-history":[{"count":8,"href":"https:\/\/www.facad.com\/wp\/wp-json\/wp\/v2\/pages\/2319\/revisions"}],"predecessor-version":[{"id":2788,"href":"https:\/\/www.facad.com\/wp\/wp-json\/wp\/v2\/pages\/2319\/revisions\/2788"}],"wp:attachment":[{"href":"https:\/\/www.facad.com\/wp\/wp-json\/wp\/v2\/media?parent=2319"}],"curies":[{"name":"wp","href":"https:\/\/api.w.org\/{rel}","templated":true}]}}

[vc_row][vc_column][vc_column_text]
<h1>FAQ &#8211; <strong>Usein kysytyt kysymykset</strong></h1>
[/vc_column_text][/vc_column][/vc_row][vc_row][vc_column][vc_toggle title=&#8221;Voinko koekäyttää ennen ostopäätöstä?&#8221; style=&#8221;round&#8221; color=&#8221;chino&#8221; size=&#8221;sm&#8221;]Kyllä. Kun lataat ja asennat Facad-ohjelmiston ensimmäistä kertaa olet oikeutettu 30 päivän kokeilujaksoon.[/vc_toggle][vc_toggle title=&#8221;Kuinka saan ladattua Facad-ohjelmiston?&#8221; style=&#8221;round&#8221; color=&#8221;chino&#8221; size=&#8221;sm&#8221;]<a href="https://facad.wufoo.eu/forms/facad-download-and-price-request/" target="_blank" rel="noopener">Täyttämällä yhteydenottolomakkeen</a> tulet saamaan meiltä sähköpostin sisältäen ohjeen lataussivun sijainnista.[/vc_toggle][vc_toggle title=&#8221;Kuinka paljon ohjelmisto maksaa?&#8221; style=&#8221;round&#8221; color=&#8221;chino&#8221; size=&#8221;sm&#8221;]Ota yhteyttä <a href="http://www.facad.com/wp/dealers-fin/">paikalliseen toimittajaan</a> ja pyydä tarjous heiltä.[/vc_toggle][vc_separator color=&#8221;custom&#8221; border_width=&#8221;2&#8243; accent_color=&#8221;#4d7900&#8243;]<div class="vcex-spacing wpex-w-100 wpex-clear"></div>[vc_toggle title=&#8221;Virheilmoitus: Voimassaolevaa lisenssiä ei löydy. Potilaita ei voida lisätä eikä avata.&#8221; style=&#8221;round&#8221; color=&#8221;chino&#8221; size=&#8221;sm&#8221;]Jos Facad-ohjelmistossa tulee virheilmoitus<br />
<strong><code>Voimassaolevaa lisenssiä ei löydy. Potilaita ei voida lisätä eikä avata.</code></strong><br />
tulee sinun pyytää uusi lisenssi tai demojakso.[/vc_toggle][vc_toggle title=&#8221;Kuinka saa käyttäjälisenssin?&#8221; style=&#8221;round&#8221; color=&#8221;chino&#8221; size=&#8221;sm&#8221;]Facadin asennuksen yhteydessä tiedosto nimeltään <em>FacadInstallationInfo.zip</em> generoituu työasemasi työpöydälle. Etsi ja lähetä tämä tiedosto sekä tiedot klinikastasi sekä siitä millaisen lisenssin haluat sähköpostitse osoitteeseen <a href="mailto: support@facad.com">support@facad.com</a>.</p>
<p>Jos et löydä tätä tiedostoa valitse Facadin valikosta <strong>Ohje&gt;Tekninen tuki</strong> ja <strong>Tallenna</strong> zip-tiedosto työasemasi työpöydälle. Lähetä tämä zip-tiedosto sähköpostin liitteenä.[/vc_toggle][vc_toggle title=&#8221;Kuinka saan teknistä tukea?&#8221; style=&#8221;round&#8221; color=&#8221;chino&#8221; size=&#8221;sm&#8221;]Jos sinulla on paikallinen toimittaja ota yhteyttä heihin. Jos paikallista toimittajaa ei ole lähetä sähköpostia osoitteeseen <a href="mailto: support@facad.com">support@facad.com</a>.<br />
Kuvaa ongelma yksityiskohtaisesti yhdessä mahdollisten virheilmoitusten kanssa.</p>
<p>Kuvaruudunkaappaus ohjelmisto-ongelmasta auttaa usein. Käytän Windowsin <strong>Snipping tool</strong>-leikkaustyökalua tähän.</p>
<p><em><strong>Tukitiedosto (zip)</strong> </em>on myös erittäin tarpeellinen. Valitse Facadin valikosta <strong>Ohje&gt;Tekninen tuki </strong>ja <strong>Tallenna</strong> zip-tiedosto työasemasi työpöydälle. Lähetä tämä zip-tiedosto sähköpostin liitteenä.[/vc_toggle][vc_toggle title=&#8221;Olemme siirtäneet koko Facad-asennuksen toiselle palvelimelle/työasemalle. Kuinka ohjelmisto saadaan toimimaan jälleen?&#8221; style=&#8221;round&#8221; color=&#8221;chino&#8221; size=&#8221;sm&#8221;]Aloita luomalla <em><strong>tukitiedosto (zip)</strong></em> Facadissa. Tämä voidaan tehdä ilman voimassaolevaa lisenssiä.</p>
<p>Valitse Facadin valikosta <strong>Ohje&gt;Tekninen tuki</strong> ja <strong>Tallenna</strong> zip-tiedosto työasemasi työpöydälle. Lähetä tämä zip-tiedosto sekä teknisen ongelman kuvaus sähköpostin liitteenä osoitteeseen <a href="mailto: support@facad.com">support@facad.com</a>.</p>
<p>Liitä mukaan niin paljon tietoja kuin mahdollista palvelimen nimestä ja muuttuneesta jaetun hakemiston osoitteesta sekä tieto siitä mihin Facad on asennettu.<br />
Suositellaan UNC-polkujen osoitteiden lähettämistä (<code><em>\\palvelimen_nimi\jaon_nimi\Facad\...</em></code>)[/vc_toggle][vc_separator color=&#8221;custom&#8221; border_width=&#8221;2&#8243; accent_color=&#8221;#4d7900&#8243;]<div class="vcex-spacing wpex-w-100 wpex-clear"></div>[vc_toggle title=&#8221;Activity logging&#8221; style=&#8221;round&#8221; color=&#8221;chino&#8221; size=&#8221;sm&#8221;]Käyttölokitus voidaan aktivoida paikallisen IT-osaston toimesta siten, että Facadin käyttöä lokitetaan seuraavasti:</p>
<ul>
<li><strong>kuka</strong> on käsitellyt minkä potilaan tietoja ja kuvia,</li>
<li><strong>missä</strong> (miltä työasemalta) ja</li>
<li><strong>milloin</strong> (aikaleima)?</li>
</ul>
<p>Käyttölokituksen aktivointi kuvataan erillisessä dokumentissa; <em>Facad Activity Log Guide</em>.[/vc_toggle][vc_toggle title=&#8221;Vianselvitys IT-asiantuntijoille&#8221; style=&#8221;round&#8221; color=&#8221;chino&#8221; size=&#8221;sm&#8221;]Vianselvitysohje IT-asiantuntijoille löytyy <a href="http://www.facad.com/wp/wp-content/uploads/2018/05/FacadInstaller_UsersGuide.pdf" target="_blank" rel="noopener">Facad-asennusohjeesta</a>[/vc_toggle][vc_separator color=&#8221;custom&#8221; border_width=&#8221;2&#8243; accent_color=&#8221;#4d7900&#8243;]<div class="vcex-spacing wpex-w-100 wpex-clear"></div>[vc_column_text]<em>Alla olevat kysymykset ja vastaukset ovat vain englanniksi.</em>[/vc_column_text]<div class="vcex-spacing wpex-w-100 wpex-clear"></div>[vc_toggle title=&#8221;Older versions 3.7-3.8: Facad or the installer program does not start (.NET issues)&#8221; style=&#8221;round&#8221; color=&#8221;chino&#8221; size=&#8221;sm&#8221;]If you are having problems with installing the FACAD software or running FACAD after installation that looks like this:</p>
<ul>
<li>the installation software does not start at all</li>
<li>the installation software is extracted, but the installation program does not start</li>
<li>Facad does not start</li>
</ul>
<p>then your PC is probably missing important requirements.</p>
<p>FACAD version 3-7-3.8 require that both <strong>Microsoft .NET Framework version 2</strong> and <strong>version 4</strong> are installed.</p>
<h5>Problems with Windows 10, Windows 8-8.1</h5>
<ul>
<li>The .NET version 4 is included in these operating systems.</li>
<li>The <strong>.NET version 2</strong> might not be &#8220;turned on&#8221;, follow the instructions below to enable .NET version 2.
<ul>
<li style="list-style-type: none;">
<ul>
<li>Open the <em>Control Panel</em> and select (or search for) &#8220;Program and Features&#8221;.</li>
<li>Click on <strong>Turn Windows features on or off</strong>.</li>
</ul>
</li>
</ul>
<p><img loading="lazy" decoding="async" class="size-medium wp-image-1528 alignnone" src="http://www.facad.com/wp/wp-content/uploads/2018/04/net-300x242.png" alt="" width="300" height="242" srcset="https://www.facad.com/wp/wp-content/uploads/2018/04/net-300x242.png 300w, https://www.facad.com/wp/wp-content/uploads/2018/04/net.png 468w" sizes="auto, (max-width: 300px) 100vw, 300px" /></p>
<ul>
<li>Here you can see <strong>.NET Framework 3.5 (includes .NET 2.0 and 3.0)</strong> as a feature and by default the feature is disabled.</li>
<li>Enable this feature completely + OK.</li>
<li>This will download the entire package from the internet and install the .NET Framework feature.</li>
</ul>
</li>
</ul>
<h5>Problems with Windows XP</h5>
<ul>
<li>Check that .NET versions 2 and 4 are installed.<br />
If the .NET version 2 and/or 4 are not installed, here are some links that enables download and installation of<br />
<a href="http://www.facad.com/xp" target="_blank" rel="noopener">Microsoft .NET Framework version 2<br />
</a><a href="https://www.microsoft.com/en-us/download/details.aspx?id=17718" target="_blank" rel="noopener">Microsoft .NET Framework version 4</a></li>
</ul>
[/vc_toggle][/vc_column][/vc_row][vc_row][vc_column][/vc_column][/vc_row]

<p>[vc_row][vc_column][vc_column_text] FAQ &#8211; Usein kysytyt kysymykset [/vc_column_text][/vc_column][/vc_row][vc_row][vc_column][vc_toggle title=&#8221;Voinko koekäyttää ennen ostopäätöstä?&#8221; style=&#8221;round&#8221; color=&#8221;chino&#8221; size=&#8221;sm&#8221;]Kyllä. Kun lataat ja asennat Facad-ohjelmiston ensimmäistä kertaa olet oikeutettu 30 päivän kokeilujaksoon.[/vc_toggle][vc_toggle title=&#8221;Kuinka saan ladattua Facad-ohjelmiston?&#8221; style=&#8221;round&#8221; color=&#8221;chino&#8221; size=&#8221;sm&#8221;]Täyttämällä yhteydenottolomakkeen tulet saamaan meiltä sähköpostin sisältäen ohjeen lataussivun sijainnista.[/vc_toggle][vc_toggle title=&#8221;Kuinka paljon ohjelmisto maksaa?&#8221; style=&#8221;round&#8221; color=&#8221;chino&#8221; size=&#8221;sm&#8221;]Ota yhteyttä paikalliseen toimittajaan ja pyydä tarjous heiltä.[/vc_toggle][vc_separator&hellip;</p>
