{"id":1734,"date":"2018-05-15T15:12:10","date_gmt":"2018-05-15T15:12:10","guid":{"rendered":"http:\/\/www.facad.com\/wp\/?page_id=1734"},"modified":"2019-01-22T16:07:57","modified_gmt":"2019-01-22T16:07:57","slug":"soft-tissue-profile-prediction","status":"publish","type":"page","link":"https:\/\/www.facad.com\/wp\/soft-tissue-profile-prediction\/?lang=sv","title":{"rendered":"Mjukv\u00e4vnadsprediktion"},"content":{"rendered":"[vc_row visibility=&#8221;hidden-phone&#8221;][vc_column width=&#8221;1\/2&#8243;]<a href=\"http:\/\/www.facad.com\/wp\/treatment-simulation\/?lang=sv\" class=\"vcex-button theme-button clean align-left inline\" style=\"color:#4d7900;\"><span class=\"vcex-button-inner theme-button-inner\"><span class=\"vcex-button-icon vcex-icon-wrap theme-button-icon-left\"><span aria-hidden=\"true\" class=\"typcn typcn-arrow-left-thick\"><\/span><\/span>F\u00f6reg\u00e5ende<\/span><\/a> [\/vc_column][vc_column width=&#8221;1\/2&#8243;]<a href=\"http:\/\/www.facad.com\/wp\/digitizing\/?lang=sv\" class=\"vcex-button theme-button clean align-right inline\" style=\"color:#4d7900;\"><span class=\"vcex-button-inner theme-button-inner\">N\u00e4sta<span class=\"vcex-button-icon vcex-icon-wrap theme-button-icon-right\"><span aria-hidden=\"true\" class=\"typcn typcn-arrow-right-thick\"><\/span><\/span><\/span><\/a> [\/vc_column][\/vc_row][vc_row][vc_column][vc_column_text]\n<h1><strong>Mjukv\u00e4vnadsprediktion<\/strong><\/h1>\n[\/vc_column_text][\/vc_column][\/vc_row][vc_row][vc_column width=&#8221;1\/3&#8243;]<style>.vcex-image.vcex_69f42821b610d .vcex-image-inner{max-width:300px;}<\/style><figure class=\"vcex-image vcex-module textright vcex_69f42821b610d\"><div class=\"vcex-image-inner wpex-relative wpex-inline-block\"><img width=\"593\" height=\"762\" src=\"https:\/\/www.facad.com\/wp\/wp-content\/uploads\/2018\/04\/prof2.jpg\" class=\"vcex-image-img wpex-align-middle\" alt=\"\" loading=\"lazy\" decoding=\"async\" srcset=\"https:\/\/www.facad.com\/wp\/wp-content\/uploads\/2018\/04\/prof2.jpg 593w, https:\/\/www.facad.com\/wp\/wp-content\/uploads\/2018\/04\/prof2-233x300.jpg 233w\" sizes=\"auto, (max-width: 593px) 100vw, 593px\" \/><\/div><\/figure>[\/vc_column][vc_column width=&#8221;1\/3&#8243;][vc_column_text]<em>V\u00e4nster:<\/em> F\u00f6r att m\u00f6jligg\u00f6ra visning av en foto-prediktion, anv\u00e4nds ett digitalt fotografi av patientens profil d\u00e4r ansiktsprofilen detekteras mer eller mindre automatiskt.<\/p>\n<p>&nbsp;[\/vc_column_text][vc_separator color=&#8221;custom&#8221; border_width=&#8221;2&#8243; accent_color=&#8221;#4d7900&#8243;][vc_column_text]&nbsp;<\/p>\n<p><em>H\u00f6ger:<\/em> En predikterad profillinje presenteras automatiskt under planerad f\u00f6rflyttning av t\u00e4nder och h\u00e5rdv\u00e4vnadssegment genom att applicera en matematisk modell f\u00f6r f\u00f6rflyttning av mjukv\u00e4vnad. Modellen preciserar hur punkter p\u00e5 ansiktsprofilen flyttas (sagittalt och vertikalt) i relation till den implicita f\u00f6rflyttningen av h\u00e5rdv\u00e4vnadspunkter.<\/p>\n<p><em>Var god notera att dessa tv\u00e5 bildexempel inte kommer fr\u00e5n samma patient.<\/em>[\/vc_column_text][\/vc_column][vc_column width=&#8221;1\/3&#8243;]<style>.vcex-image.vcex_69f42821b6e77 .vcex-image-inner{max-width:300px;}<\/style><figure class=\"vcex-image vcex-module textleft vcex_69f42821b6e77\"><div class=\"vcex-image-inner wpex-relative wpex-inline-block\"><img width=\"593\" height=\"762\" src=\"https:\/\/www.facad.com\/wp\/wp-content\/uploads\/2018\/04\/bnd.jpg\" class=\"vcex-image-img wpex-align-middle\" alt=\"\" loading=\"lazy\" decoding=\"async\" srcset=\"https:\/\/www.facad.com\/wp\/wp-content\/uploads\/2018\/04\/bnd.jpg 593w, https:\/\/www.facad.com\/wp\/wp-content\/uploads\/2018\/04\/bnd-233x300.jpg 233w\" sizes=\"auto, (max-width: 593px) 100vw, 593px\" \/><\/div><\/figure>[\/vc_column][\/vc_row][vc_row][vc_column][vc_separator color=&#8221;custom&#8221; border_width=&#8221;2&#8243; accent_color=&#8221;#4d7900&#8243;][\/vc_column][\/vc_row][vc_row][vc_column][vc_column_text]En foto-prediktion kan sedan genereras utifr\u00e5n profilfotot, baserat p\u00e5 de planerade f\u00f6rflyttningarna i behandlingsplanen.[\/vc_column_text][\/vc_column][\/vc_row][vc_row][vc_column]<figure class=\"vcex-image vcex-module\"><div class=\"vcex-image-inner wpex-relative wpex-inline-block\"><img width=\"1380\" height=\"475\" src=\"https:\/\/www.facad.com\/wp\/wp-content\/uploads\/2018\/03\/Robert-IV-frontpage-image-slider.jpg\" class=\"vcex-image-img wpex-align-middle\" alt=\"\" loading=\"lazy\" decoding=\"async\" srcset=\"https:\/\/www.facad.com\/wp\/wp-content\/uploads\/2018\/03\/Robert-IV-frontpage-image-slider.jpg 1380w, https:\/\/www.facad.com\/wp\/wp-content\/uploads\/2018\/03\/Robert-IV-frontpage-image-slider-300x103.jpg 300w, https:\/\/www.facad.com\/wp\/wp-content\/uploads\/2018\/03\/Robert-IV-frontpage-image-slider-768x264.jpg 768w, https:\/\/www.facad.com\/wp\/wp-content\/uploads\/2018\/03\/Robert-IV-frontpage-image-slider-1024x352.jpg 1024w\" sizes=\"auto, (max-width: 1380px) 100vw, 1380px\" \/><\/div><\/figure>[\/vc_column][\/vc_row][vc_row][vc_column][vc_separator color=&#8221;custom&#8221; border_width=&#8221;2&#8243; accent_color=&#8221;#4d7900&#8243;][\/vc_column][\/vc_row][vc_row][vc_column width=&#8221;1\/2&#8243;]<a href=\"http:\/\/www.facad.com\/wp\/treatment-simulation\/?lang=sv\" class=\"vcex-button theme-button clean align-left inline\" style=\"color:#4d7900;\"><span class=\"vcex-button-inner theme-button-inner\"><span class=\"vcex-button-icon vcex-icon-wrap theme-button-icon-left\"><span aria-hidden=\"true\" class=\"typcn typcn-arrow-left-thick\"><\/span><\/span>F\u00f6reg\u00e5ende<\/span><\/a> [\/vc_column][vc_column width=&#8221;1\/2&#8243;]<a href=\"http:\/\/www.facad.com\/wp\/digitizing\/?lang=sv\" class=\"vcex-button theme-button clean align-right inline\" style=\"color:#4d7900;\"><span class=\"vcex-button-inner theme-button-inner\">N\u00e4sta<span class=\"vcex-button-icon vcex-icon-wrap theme-button-icon-right\"><span aria-hidden=\"true\" class=\"typcn typcn-arrow-right-thick\"><\/span><\/span><\/span><\/a> [\/vc_column][\/vc_row]\n","protected":false},"excerpt":{"rendered":"<p>[vc_row visibility=&#8221;hidden-phone&#8221;][vc_column width=&#8221;1\/2&#8243;][\/vc_column][vc_column width=&#8221;1\/2&#8243;][\/vc_column][\/vc_row][vc_row][vc_column][vc_column_text] Mjukv\u00e4vnadsprediktion [\/vc_column_text][\/vc_column][\/vc_row][vc_row][vc_column width=&#8221;1\/3&#8243;][\/vc_column][vc_column width=&#8221;1\/3&#8243;][vc_column_text]V\u00e4nster: F\u00f6r att m\u00f6jligg\u00f6ra visning av en foto-prediktion, anv\u00e4nds ett digitalt fotografi av patientens profil d\u00e4r ansiktsprofilen detekteras mer eller mindre automatiskt. &nbsp;[\/vc_column_text][vc_separator color=&#8221;custom&#8221; border_width=&#8221;2&#8243; accent_color=&#8221;#4d7900&#8243;][vc_column_text]&nbsp; H\u00f6ger: En predikterad profillinje presenteras automatiskt under planerad f\u00f6rflyttning av t\u00e4nder och h\u00e5rdv\u00e4vnadssegment genom att applicera en matematisk modell f\u00f6r f\u00f6rflyttning av&hellip;<\/p>\n","protected":false},"author":2,"featured_media":0,"parent":0,"menu_order":0,"comment_status":"closed","ping_status":"closed","template":"","meta":{"footnotes":""},"class_list":["post-1734","page","type-page","status-publish","hentry","entry","no-media"],"_links":{"self":[{"href":"https:\/\/www.facad.com\/wp\/wp-json\/wp\/v2\/pages\/1734","targetHints":{"allow":["GET"]}}],"collection":[{"href":"https:\/\/www.facad.com\/wp\/wp-json\/wp\/v2\/pages"}],"about":[{"href":"https:\/\/www.facad.com\/wp\/wp-json\/wp\/v2\/types\/page"}],"author":[{"embeddable":true,"href":"https:\/\/www.facad.com\/wp\/wp-json\/wp\/v2\/users\/2"}],"replies":[{"embeddable":true,"href":"https:\/\/www.facad.com\/wp\/wp-json\/wp\/v2\/comments?post=1734"}],"version-history":[{"count":8,"href":"https:\/\/www.facad.com\/wp\/wp-json\/wp\/v2\/pages\/1734\/revisions"}],"predecessor-version":[{"id":3113,"href":"https:\/\/www.facad.com\/wp\/wp-json\/wp\/v2\/pages\/1734\/revisions\/3113"}],"wp:attachment":[{"href":"https:\/\/www.facad.com\/wp\/wp-json\/wp\/v2\/media?parent=1734"}],"curies":[{"name":"wp","href":"https:\/\/api.w.org\/{rel}","templated":true}]}}

Mjukvävnadsprediktion

[vc_row visibility=&#8221;hidden-phone&#8221;][vc_column width=&#8221;1/2&#8243;]<a href="http://www.facad.com/wp/treatment-simulation/?lang=sv" class="vcex-button theme-button clean align-left inline" style="color:#4d7900;"><span class="vcex-button-inner theme-button-inner"><span class="vcex-button-icon vcex-icon-wrap theme-button-icon-left"><span aria-hidden="true" class="typcn typcn-arrow-left-thick"></span></span>Föregående</span></a> [/vc_column][vc_column width=&#8221;1/2&#8243;]<a href="http://www.facad.com/wp/digitizing/?lang=sv" class="vcex-button theme-button clean align-right inline" style="color:#4d7900;"><span class="vcex-button-inner theme-button-inner">Nästa<span class="vcex-button-icon vcex-icon-wrap theme-button-icon-right"><span aria-hidden="true" class="typcn typcn-arrow-right-thick"></span></span></span></a> [/vc_column][/vc_row][vc_row][vc_column][vc_column_text]
<h1><strong>Mjukvävnadsprediktion</strong></h1>
[/vc_column_text][/vc_column][/vc_row][vc_row][vc_column width=&#8221;1/3&#8243;]<style>.vcex-image.vcex_69f42821b610d .vcex-image-inner{max-width:300px;}</style><figure class="vcex-image vcex-module textright vcex_69f42821b610d"><div class="vcex-image-inner wpex-relative wpex-inline-block"><img width="593" height="762" src="https://www.facad.com/wp/wp-content/uploads/2018/04/prof2.jpg" class="vcex-image-img wpex-align-middle" alt="" loading="lazy" decoding="async" srcset="https://www.facad.com/wp/wp-content/uploads/2018/04/prof2.jpg 593w, https://www.facad.com/wp/wp-content/uploads/2018/04/prof2-233x300.jpg 233w" sizes="auto, (max-width: 593px) 100vw, 593px" /></div></figure>[/vc_column][vc_column width=&#8221;1/3&#8243;][vc_column_text]<em>Vänster:</em> För att möjliggöra visning av en foto-prediktion, används ett digitalt fotografi av patientens profil där ansiktsprofilen detekteras mer eller mindre automatiskt.</p>
<p>&nbsp;[/vc_column_text][vc_separator color=&#8221;custom&#8221; border_width=&#8221;2&#8243; accent_color=&#8221;#4d7900&#8243;][vc_column_text]&nbsp;</p>
<p><em>Höger:</em> En predikterad profillinje presenteras automatiskt under planerad förflyttning av tänder och hårdvävnadssegment genom att applicera en matematisk modell för förflyttning av mjukvävnad. Modellen preciserar hur punkter på ansiktsprofilen flyttas (sagittalt och vertikalt) i relation till den implicita förflyttningen av hårdvävnadspunkter.</p>
<p><em>Var god notera att dessa två bildexempel inte kommer från samma patient.</em>[/vc_column_text][/vc_column][vc_column width=&#8221;1/3&#8243;]<style>.vcex-image.vcex_69f42821b6e77 .vcex-image-inner{max-width:300px;}</style><figure class="vcex-image vcex-module textleft vcex_69f42821b6e77"><div class="vcex-image-inner wpex-relative wpex-inline-block"><img width="593" height="762" src="https://www.facad.com/wp/wp-content/uploads/2018/04/bnd.jpg" class="vcex-image-img wpex-align-middle" alt="" loading="lazy" decoding="async" srcset="https://www.facad.com/wp/wp-content/uploads/2018/04/bnd.jpg 593w, https://www.facad.com/wp/wp-content/uploads/2018/04/bnd-233x300.jpg 233w" sizes="auto, (max-width: 593px) 100vw, 593px" /></div></figure>[/vc_column][/vc_row][vc_row][vc_column][vc_separator color=&#8221;custom&#8221; border_width=&#8221;2&#8243; accent_color=&#8221;#4d7900&#8243;][/vc_column][/vc_row][vc_row][vc_column][vc_column_text]En foto-prediktion kan sedan genereras utifrån profilfotot, baserat på de planerade förflyttningarna i behandlingsplanen.[/vc_column_text][/vc_column][/vc_row][vc_row][vc_column]<figure class="vcex-image vcex-module"><div class="vcex-image-inner wpex-relative wpex-inline-block"><img width="1380" height="475" src="https://www.facad.com/wp/wp-content/uploads/2018/03/Robert-IV-frontpage-image-slider.jpg" class="vcex-image-img wpex-align-middle" alt="" loading="lazy" decoding="async" srcset="https://www.facad.com/wp/wp-content/uploads/2018/03/Robert-IV-frontpage-image-slider.jpg 1380w, https://www.facad.com/wp/wp-content/uploads/2018/03/Robert-IV-frontpage-image-slider-300x103.jpg 300w, https://www.facad.com/wp/wp-content/uploads/2018/03/Robert-IV-frontpage-image-slider-768x264.jpg 768w, https://www.facad.com/wp/wp-content/uploads/2018/03/Robert-IV-frontpage-image-slider-1024x352.jpg 1024w" sizes="auto, (max-width: 1380px) 100vw, 1380px" /></div></figure>[/vc_column][/vc_row][vc_row][vc_column][vc_separator color=&#8221;custom&#8221; border_width=&#8221;2&#8243; accent_color=&#8221;#4d7900&#8243;][/vc_column][/vc_row][vc_row][vc_column width=&#8221;1/2&#8243;]<a href="http://www.facad.com/wp/treatment-simulation/?lang=sv" class="vcex-button theme-button clean align-left inline" style="color:#4d7900;"><span class="vcex-button-inner theme-button-inner"><span class="vcex-button-icon vcex-icon-wrap theme-button-icon-left"><span aria-hidden="true" class="typcn typcn-arrow-left-thick"></span></span>Föregående</span></a> [/vc_column][vc_column width=&#8221;1/2&#8243;]<a href="http://www.facad.com/wp/digitizing/?lang=sv" class="vcex-button theme-button clean align-right inline" style="color:#4d7900;"><span class="vcex-button-inner theme-button-inner">Nästa<span class="vcex-button-icon vcex-icon-wrap theme-button-icon-right"><span aria-hidden="true" class="typcn typcn-arrow-right-thick"></span></span></span></a> [/vc_column][/vc_row]

<p>[vc_row visibility=&#8221;hidden-phone&#8221;][vc_column width=&#8221;1/2&#8243;][/vc_column][vc_column width=&#8221;1/2&#8243;][/vc_column][/vc_row][vc_row][vc_column][vc_column_text] Mjukvävnadsprediktion [/vc_column_text][/vc_column][/vc_row][vc_row][vc_column width=&#8221;1/3&#8243;][/vc_column][vc_column width=&#8221;1/3&#8243;][vc_column_text]Vänster: För att möjliggöra visning av en foto-prediktion, används ett digitalt fotografi av patientens profil där ansiktsprofilen detekteras mer eller mindre automatiskt. &nbsp;[/vc_column_text][vc_separator color=&#8221;custom&#8221; border_width=&#8221;2&#8243; accent_color=&#8221;#4d7900&#8243;][vc_column_text]&nbsp; Höger: En predikterad profillinje presenteras automatiskt under planerad förflyttning av tänder och hårdvävnadssegment genom att applicera en matematisk modell för förflyttning av&hellip;</p>
